 -2).
-3
Calculate (-8 - -10 - -6) + -5.
3
Evaluate -4 - (2 - -2) - -4.
-4
What is -3 + -3 + 10 + 8 + -9?
3
Evaluate -4 + -5 + (7 - (1 + -2)).
-1
What is -4 + 2 + (-5 - -3)?
-4
What is the value of -5 + (14 + -22 - -12)?
-1
What is 0 + (1 - (6 - (-4 - -8)))?
-1
-13 - -7 - -4 - 0
-2
What is the value of 1 + 0 - (9 - 7 - 6)?
5
Calculate 4 - (6 - (-2 - -5)).
1
Calculate -5 - (3 + (4 - 5)).
-7
What is the value of 4 + (-3 - 1 - 2)?
-2
Evaluate -1 + 1 + -6 + 9.
3
What is the value of -63 - -57 - (-2 - 1)?
-3
(-4 + -3 - -1) + 8 + 1
3
Evaluate -4 + (11 + 2 - 6).
3
What is -2 - (-2 - -1 - (5 - 9))?
-5
8 + -6 + -9 - (2 - 2)
-7
(-1 - -2) + -54 + 50
-3
Calculate 2 + 3 - (6 - (7 - 8)).
-2
What is the value of (3 - -3 - 8) + 8?
6
Evaluate 12 - (7 + 1) - 9.
-5
What is the value of 3 + -2 + (-3 + 6 - 0)?
4
Calculate 0 + (0 - (-1 - -5)).
-4
What is -1 - -6 - (4 + (10 - 4))?
-5
What is (4 + -9 - -16) + -9?
2
What is -3 - (-6 - (4 + 3 + -6))?
4
Calculate -2 - (-12 - -2) - 8.
0
6 - (-10 - -5 - -14)
-3
(4 - 3) + (12 - 3 - 7)
3
Evaluate (3 - 7) + (3 - 0).
-1
Evaluate 5 + (-2 + 9 - 12).
0
Calculate (0 - (-17 + 10)) + (-2 - 0).
5
Evaluate 21 + -1 - (45 + -33).
8
What is (3 - (-2 + 3)) + 4 + -2?
4
What is -7 + (4 - -6) + -3?
0
Evaluate -4 - (-21 + 9 + 1).
7
What is -2 + (1 - 1 - -2)?
0
What is the value of 9 - ((-2 - -8) + -1)?
4
1 + (8 - 6) + -4 + 5
4
What is the value of -2 + (3 - 2 - -2 - 3)?
-2
What is 0 + -2 + (-3 - -2 - 0)?
-3
What is 7 - (4 - 1) - (-1 + 0)?
5
Evaluate 4 - (4 + 1) - -1.
0
What is -8 + (4 - 6 - -19)?
9
Calculate (6 - (2 - -6)) + -1.
-3
What is 3 + (5 - (-8 - -17))?
-1
What is -4 + (-8 - -18 - 13)?
-7
What is the value of 2 - (-4 - -7) - 0?
-1
What is the value of 0 + 0 + 2 + -5 + 7?
4
Calculate -3 + -9 + 2 - -9.
-1
Evaluate 0 - -3 - (4 + -3 + 2).
0
What is -1 + 0 + -11 + (1 - -8)?
-3
What is 17 + -15 + (2 - 0 - 4)?
0
What is 3 - (2 + -5 - -4)?
2
What is the value of 0 - (2 - 1 - (-3 - -1))?
-3
-4 + -3 + 4 + (6 - -2)
5
What is (-1 - -9) + -2 - -1 - 4?
3
Calculate 5 + (-1 - (4 - 7)).
7
What is (0 - (-3 + -3)) + -2 + -2?
2
-2 + 6 + -5 + 1 - -2
2
What is 12 + -7 + 1 + -8?
-2
What is the value of 12 + -1 + -6 + (1 - 3)?
3
Calculate -3 - (3 - 4 - 3).
1
What is 14 - (5 - -15) - (0 + -2)?
-4
What is the value of -11 + 25 + (-11 - 1)?
2
What is the value of 2 - (-6 + 1 - -3)?
4
What is -2 + 7 + -1 + 0?
4
What is the value of 12 + -1 + 7 + -12 + -3?
3
Calculate (8 - 1) + -3 + 8 + -8.
4
What is (-3 - -2 - 4) + 3 - -1?
-1
Evaluate -8 - (-3 - (0 + 1)).
-4
Evaluate 9 + -4 + -2 - -1.
4
3 + (5 - 3 - 1)
4
What is -2 + (-11 - -5) + 7?
-1
(-1 - (5 - 2)) + (0 - 1)
-5
What is -2 - 1 - (-6 - 2) - 0?
5
Calculate (-26 - -11) + 10 + 2 + -2.
-5
5 + (-10 - (1 - 0))
-6
0 - (0 + -1) - 7 - -4
-2
Evaluate 5 - 1 - (-10 - -11).
3
What is the value of -3 - (-14 - (-10 + -4))?
-3
Calculate -1 - -1 - -2 - (286 + -284).
0
Calculate (-7 + 22 - -1 - 7) + -6.
3
Evaluate -3 + -5 - -16 - 9.
-1
What is the value of 6 - 5 - (0 + 2) - -4?
3
(0 - -7 - 3) + -4
0
What is the value of 30 + -30 + (-1 - -1)?
0
Calculate 8 + -2 - 3 - (7 + 0).
-4
Evaluate 2 - -3 - (-15 + (11 - -2)).
7
Evaluate 1 - (-1 + 0) - (-13 - -15).
0
What is -5 + 14 + -15 + 4?
-2
Evaluate (32 - 33) + -2 + 1 + 2.
0
What is the value of -6 + (2 - (-1 - -5 - 7))?
-1
Calculate -3 + -8 + 15 + -13.
-9
Calculate 8 - (-7 + 16 - 10).
9
What is the value of -3 + (3 - (-3 + 2)) - -3?
4
What is the value of -1 - (6 - (1 - -3)) - -6?
3
Evaluate -4 + 1 + 4 + 0.
1
22 + -28 - (-2 + 0) - 4
-8
What is -2 - (-5 - (-3 + 5 + -2))?
3
Evaluate -1 + 4 + 0 - 1.
2
Calculate (3 - (15 - 5)) + 3.
-4
What is the value of -4 + -3 + -9 + 13?
-3
Calculate -2 + 0 - (-6 + 10 + -1).
-5
Calculate 1 + -9 + 5 + 7.
4
What is (-3 - 3) + -1 + 13?
6
What is the value of 3 - (-3 - 6 - -14)?
-2
Calculate 0 + 11 - (49 + -33).
-5
What is 2 - ((-14 - -8) + (7 - 4))?
5
What is 4 - ((-6 - (2 + -19)) + -3)?
-4
11 + -9 - (-1 - 1 - 3)
7
Evaluate -4 - (-5 + -1 + (-3 - -7)).
-2
Calculate (-2 - (3 - 3)) + 3 + -3.
-2
What is 6 - 3 - (4 - -1) - 4?
-6
Calculate (-3 - -1) + 2 - (-1 - -9).
-8
(3 - (18 - 10)) + (1 - -3)
-1
What is -4 - (0 - 12 - -4)?
4
(5 - 16 - -4) + 4
-3
What is 2 + -2 - (-2 + -1)?
3
Evaluate 7 + -1 + -4 + 4 + -1.
5
Evaluate -9 - (-2 - 2) - (-9 + 2).
2
Evaluate -1 + -5 - (0 + -1).
-5
Calculate (3 - (-1 + 5 - 1)) + 4.
4
Evaluate 3 + 4 + -3 + -5 - -4.
3
1 - -1 - (-21 - -23)
0
What is -1 - (0 - 4 - -5)?
-2
Evaluate 2 + -9 - (-12 + 12).
-7
Evaluate 8 + (-9 - 3 - (12 - 18)).
2
What is -4 + 5 + 0 + 48 + -44?
5
What is (4 - -1) + -16 + 16?
5
Calculate -3 - (5 - (-2 + 5) - -2).
-7
Evaluate (3 - 8 - -5) + (1 - 0).
1
What is the value of -3 + (5 - 7) + 5?
0
7 + 8 + -22 + 3
-4
Evaluate 7 - (3 - (-6 + -3 + 6)).
1
Evaluate 9 + (-11 - -3) + 3.
4
Calculate (-11 + -9 - -11) + 3.
-6
Evaluate 1 - 6 - 0 - (4 + -3).
-6
-7 - (7 - 5 - 7) - 2
-4
Calculate -7 + (-7 + 1 - -8) + 5.
0
-1 - -5 - 3 - (-6 + 7)
0
Evaluate 6 + 1 - (0 + 5).
2
Calculate -1 + 4 - (-2 + -2 - -2).
5
Calculate -1 + -3 + 10 - 6.
0
0 - (-7 + 8 - 10)
9
Calculate (-69 - -74) + 1 + -9 + 1.
-2
(1 - 10) + (-69 - -75)
-3
Calculate 3 - 2 - (1 - -5).
-5
Calculate -4 - (-5 + (-2 - (-1 + -2))).
0
Calculate -3 + (2 + 1 - 4) + 6.
2
Evaluate 9 - (0 + 10) - 3.
-4
1 + 1 - (-5 - -12 - 3)
-2
Evaluate 2 + 6 + -5 + (-6 - 0).
-3
6 + -22 + 5 + 7 + -3
-7
Evaluate (134 - 140) + (15 - 1).
8
What is 0 - ((-7 - -6) + -1 + 4)?
-2
What is the value of -8 + 6 - (6 + -2 + -1)?
-5
-13 + (-5 + 7 - 7) + 11
-7
Calculate 53 + -51 + -1 + -9.
-8
What is -5 + 5 - (-3 + (3 - 4))?
4
Evaluate -5 + 0 + 12 + -3.
4
What is 6 - 3 - 0 - 7 - 0?
-4
What is the value of (3 - 7 - -3) + 6?
5
Evaluate 0 + -7 - -10 - 0.
3
What is 2 - 0 - 4 - -4 - -3?
5
Evaluate -12 - -14 - (3 - (0 + 0)).
-1
Calculate (8 + -6 - 5) + -3 - -9.
3
3 - (3 - (-1 + 6))
5
-1 + (-3 + -1 - -2)
-3
What is the value of -11 - (-6 + 0) - (1 + -10)?
4
What is the value of -5 - 3 - (-7 + 3)?
-4
Evaluate 8 - 0 - (5 - (-3 - -3)).
3
0 + 6 - (-7 - -9 - 0)
4
Calculate (-2 - (-5 + 11)) + 3 + 11.
6
What is the value of (-2 - 10) + 17 + -15?
-10
What is the value of -5 + 3 + -4 + 1?
-5
What is 2 - (-7 + 11 + 4)?
-6
(-1 - 5) + (4 - 2)
-4
Evaluate 53 + -53 - (1 + -2).
1
Calculate 0 + 2 - (-3 + 1).
4
Evaluate -7 + 1 + 2 + -39 + 42.
-1
6 - -2 - 5 - 9 - -12
6
What is -2 - (-10 + 1) - (2 - -1)?
4
What is the value of -3 + (-9 - -18 - 5 - -7)?
8
What is the value of -1 + (9 + 4 - 10)?
2
What is 1 + ((0 - 3) + 1 - 5)?
-6
Evaluate 3 + -5 + (6 - 0).
4
What is the value of -2 - (-6 + (-5 - -5))?
4
Calculate 15 + -16 + -3 + 8.
4
What is the value of 9 + 1 - (-6 + 23)?
-7
-8 + 5 + -5 - -7
-1
Evaluate 1 + (5 - 0) - 7.
-1
Evaluate 1 + -6 + 5 + (-3 - -1).
-2
What is -12 + (-6 - -4) - -6?
-8
5 - ((-1 - (3 - 4)) + -1)
6
What is the value of 1 + -2 + -1 - (26 + -35)?
7
What is -2 - (2 + (10 - 9))?
-5
What is the value of 10 + (-2 - (5 - 6)) + -4?
5
Evaluate (-3 - (-3 - 4)) + 1.
5
Evaluate 3 + (-2 - (-1 + 0) - -4).
6
Evaluate (-1 - (-10 + 8)) + -1.
0
What is the value of 7 + -2 + 2 + -2?
5
What is -5 + -1 + (-3 - -6) - 0?
-3
Evaluate -1 + -3 + (8 - (-7 + 14)).
-3
Evaluate (41 - 45) + 2 + 1.
-1
Calculate -2 - ((-1 - 2 - -2) + -1).
0
Evaluate (2 - 3) + (2 - 3) + 3.
1
What is (7 - (4 + 15) - -8) + 4?
0
What is -1 - -2 - 4 - (-4 - -1)?
0
What is 2 - (1 - 0) - 1?
0
What is the value of 8 + -14 + 9 - -3?
6
5 + 4 + -3 + -3
3
Evaluate -6 + 5 - -3 - 6.
-4
What is -6 + (1 - (-6 + 3)) + 0?
-2
Evaluate -3 - (2 + 5 + -14).
4
What is 0 - (-3 + 3 - (-3 - -5))?
2
Calculate 2 + -2 + 9 + (-4 - -3).
8
Evaluate (2 - 5) + 7 + -8.
-4
What is the value of -3 - (7 - 11 - 0) - 2?
-1
Evaluate 10 + 11 + -17 - (-2 - -3).
3
What is 5 + -8 + -6 + 10?
1
What is the value of 1 + -3 + (3 - (-3 - -2))?
2
3 + -11 + 3 + 0
-5
What is the value of (4 + -2 - 0) + (-5 - -3)?
0
Evaluate 0 - (-3 + (7 - 4)).
0
0 - (-5 - (-6 + 4))
3
Calculate 5 + -2 + (-1 - -1 - 0).
3
Calculate -2 + (2 - 6) - -6.
0
Calculate 2 + -2 - (0 - -4).
-4
Calculate (-5 - 1) + -6 + 7 + -1.
-6
Evaluate -2 + 9 - (6 - 2) - -2.
5
-4 - (0 + -9 + 5 + -5)
5
What is the value of -1 - ((1 - 4) + 39 + -32)?
-5
Calculate -1 + 2 + -3 + 0 + 2.
0
What is 3 + (-4 - -1) - (-27 - -26)?
1
What is (1 - -5) + (-15 - -14)?
5
What is the value of (1 - -4) + (14 - 16)?
3
Evaluate 5 - (4 + -12 + 4) - 4.
5
Calculate (2 - -6)